alculate the greatest common factor of s and 415.
5
Let v(p) = -p**2 - 11*p - 30. Let r be v(-6). Suppose -3*g + 117 = -r*g. Let w = 46 - g. What is the greatest common factor of 7 and w?
7
Let t = -9265 + 9283. What is the highest common divisor of t and 3510?
18
Let z(c) = -c**3 + 4*c**2 - c + 3. Let l be z(3). Let i be (-74)/(-8) - (-1)/36*-9. Let n be i/l - -1*47. Calculate the greatest common factor of n and 6.
6
Suppose -6*s = -46*s + 5040. Let l = 19 - 21. Let v be (0 + l/2)*-18. Calculate the highest common factor of v and s.
18
Let k = 130 - 28. Let h(c) = 2*c**3 - 5*c**2 + 4*c - 30. Let y be h(4). What is the greatest common factor of y and k?
34
Let h be (5 + -2)*-1*8/12. Let s be (h - -3)*(13 + -7). Calculate the greatest common divisor of s and 78.
6
Suppose -42163 - 55058 + 17465 = -157*j. Calculate the greatest common factor of j and 4953.
127
Let n(c) = 6026*c**2 - 895*c + 894. Let l be n(1). What is the greatest common divisor of l and 75?
25
Suppose 317 - 142 = 25*i. Suppose -x = 3*x - 28. Calculate the greatest common factor of i and x.
7
Suppose 0 = -2*j + 5*x - x - 704, -4*j + 2*x = 1426. Let h = j - -596. What is the greatest common factor of h and 14?
14
Let r be 3*6 + -3 + 5 + -1. Let d be (-1 - 465/10)*(-4 + 2). What is the greatest common divisor of d and r?
19
Suppose 36*r - 2*c - 676 = 33*r, 0 = 5*r - 5*c - 1130. Let d(t) = -19*t + 1. Let p be d(2). Let k = -21 - p. What is the highest common factor of k and r?
16
Let j be (-2153808)/(-882) + 4/98. Calculate the greatest common factor of j and 297.
33
Suppose -41*q + 12*q + 12*q = -2091. What is the highest common factor of q and 246?
123
Let j(k) = -73*k - 3. Let o be j(-2). Suppose -2505*f + 14800 = -677*f - 8964. Calculate the greatest common factor of f and o.
13
Let o = 300 + -300. Let i be o + 24/8 - -242. Calculate the greatest common divisor of 35 and i.
35
Suppose 53*f + 40*f - 10*f - 2822 = 0. What is the highest common factor of f and 3706?
34
Let y(t) = t**3 - 3*t**2 + 4*t + 1. Let n be (12/8)/((-4)/(-8)). Let s be y(n). Let d be ((-260)/35)/((-6)/21). What is the highest common factor of s and d?
13
Suppose 0 = -o + 6. Suppose o*t - 8*t = -210. What is the greatest common divisor of 42 and t?
21
Let z = 7 + 9. Let d = 6216 + -5960. Calculate the greatest common divisor of d and z.
16
Suppose 2400*a = 2407*a - 770. Suppose 14*y - 8*y - 30 = 0. Let r = y + 5. Calculate the highest common divisor of r and a.
10
Suppose n = 3*m - 2041, -4*m + 479*n = 477*n - 2718. Calculate the greatest common divisor of 88 and m.
22
Let k = -237 + 312. Suppose 3*z - 3*v = -15, 2*v + v + 41 = -4*z. Let t be -2*66*(k/10 + z). Calculate the highest common factor of 6 and t.
6
Let f = 281 - 276. Let u be f*(1521/520 + (-1)/8). Calculate the highest common factor of u and 399.
7
Let n(p) = p**2 + 32*p - 27. Let y be 12/(-8) - 140/(-8). Let d be n(y). Calculate the greatest common factor of 39 and d.
39
Let w be (73/2 + -3)/(5 + 13713/(-2744)). Calculate the highest common factor of 268 and w.
268
Suppose 0 = -0*g + 3*g + 1587. Let m = g - -958. Let x = -546424 + 546463. Calculate the highest common factor of x and m.
39
Suppose 21*x - 438 - 1032 = 0. Let b(i) = i**3 - 8*i**2 + 9*i - 16. Let k be b(8). What is the greatest common divisor of x and k?
14
Let t be 14778/22 - (-210)/770. What is the greatest common divisor of 126 and t?
42
Let j = -78 + 76. Let r be 5*j/(-30)*0. Suppose 2*d - 180 = -2*i, r*d + 2*d - 5*i = 194. Calculate the highest common factor of 69 and d.
23
Let z(u) = 3*u**2 + 123*u + 11. Let t be z(-41). Let h be t/(693/(-14)) + 130/18. Let r be (6 - -1)*8*1. What is the greatest common factor of r and h?
7
Let m be ((-36)/(-198) - (-1022)/(-539))*-532. What is the highest common divisor of 120 and m?
24
Suppose 90*z - 94*z = -72. Suppose -z*w = -10*w + 1184. Let q = w - -310. Calculate the greatest common factor of 54 and q.
54
Let f = 40 + -38. Let s(i) = -5*i**2 - 5*i + 4*i**2 + f*i - 4*i**3 - 6 + 5*i**2. Let r be s(-3). What is the greatest common factor of 21 and r?
21
Suppose 4266*i - 4263*i - 1836 = 0. Calculate the highest common factor of 85 and i.
17
Let u = 240 + -168. Let x(z) = 4*z - 20. Let d(l) = -6*l + 29. Let k(g) = 5*d(g) + 7*x(g). Let q be k(-2). Calculate the greatest common factor of q and u.
9
Suppose -374 = -21800*z + 21789*z. What is the highest common divisor of z and 7089?
17
Let l(a) = -a**2 + 8*a + 13. Let h be l(9). Suppose 5*y + 3*k - 2*k = 1, -4 = -4*k. Suppose -12*f + 78 - 54 = y. What is the greatest common factor of h and f?
2
Suppose 4*h + 0*h = -76. Suppose 3*u + 2*b - 130 = 0, -3*u + 4*b = 9*b - 145. Let g = h + u. Calculate the greatest common factor of 189 and g.
21
Let v(a) = -2*a**2 - 8*a - 11. Let w be v(-10). Let t = w + 142. What is the highest common factor of t and 176?
11
Suppose 5*p + 112 = 2*n, n - 949*p = -947*p + 56. What is the highest common divisor of n and 37912?
56
Let r(t) = 1 + 6 - 3*t + 2*t**2 - 8 - 6. Let n be r(7). What is the greatest common divisor of 770 and n?
70
Let n = -111 - -112. Let i be (-54 - 20)/(-3 + n). What is the greatest common divisor of 259 and i?
37
Let q be (3 + -20)*-4 - 0/(-2). Suppose 14*c = -26 + q. Let x be c + 8 + -2 - -5. What is the highest common factor of x and 2?
2
Let i(k) = k**3 - 6*k**2 - 9*k + 6. Let f be i(9). Suppose 98*w - 106*w + f = 0. Calculate the greatest common factor of w and 245.
7
Suppose 14*s = 10*s. Suppose -4*d + 3*t + 116 = s, -6*d - t = -7*d + 29. Calculate the highest common factor of 29 and d.
29
Let l = -518 - -578. Let a = 15 + -5. Suppose a*d - 14*d = -96. What is the greatest common factor of l and d?
12
Suppose -3*y + a = 63, 2*y + 70 - 28 = a. Let o be 6/14 + (-705)/y. What is the highest common factor of 34 and o?
34
Let z be (1/(-1))/((-2)/170). Let s be (-5)/125*(10 + -1005) + (-5)/(-25). What is the greatest common divisor of z and s?
5
Let o = -2610 + 3775. Suppose -o = -3*l + 5111. Suppose -1058 = -21*x + l. Calculate the greatest common factor of x and 6.
6
Let w = -40 + 42. Suppose -8*n + 31*n = 253. Suppose -5 = w*b - n. What is the greatest common divisor of 1 and b?
1
Suppose 98*s = 44*s + 32670. What is the greatest common divisor of 3267 and s?
121
Let j(r) = -2*r**2 + r + 11. Let c be j(6). Let m = c - -103. Suppose -5*p - l + 47 + 13 = 0, -4*p + m = 3*l. Calculate the highest common factor of p and 2.
2
Let i be (7 + -8 + -5)/(-3). Suppose 0 = g - 2*a - 64, -i*g - a + 0*a = -103. What is the greatest common factor of 162 and g?
54
Let l(x) = x**3 + 14*x**2 + 14*x + 29. Let z be l(-13). Suppose 0 = z*p + 842 - 4426. Suppose -2*c = -0*c - 64. Calculate the greatest common factor of p and c.
32
Suppose -121*t + 7621 = -66794. What is the greatest common factor of 45 and t?
15
Suppose 6 - 19 = q + 4*p, 5*p + 20 = 0. Suppose 0 = -2*f + q*o + 98, -f + 0*f - 4*o = -49. What is the greatest common factor of 7 and f?
7
Let w(a) = 11*a**2 + 523*a - 212. Let l be w(-48). Calculate the greatest common divisor of l and 1778.
14
Let o be ((-7)/(-70))/(2/60). Suppose 7*v + 8 = 239. What is the greatest common factor of v and o?
3
Let k = 4040 + -4025. What is the highest common factor of 80 and k?
5
Suppose -3*s + 4*z - 9 = -4*s, -z = -3. Let u be (-189)/28*4/s. What is the highest common divisor of 33 and u?
3
Let x(d) = -d**2 - 2*d - 27. Let o be x(0). Let b be (-6)/o - (4 + 170/(-45)). Let t be 13 - (0 + b)/(-3). Calculate the greatest common factor of t and 65.
13
Suppose 17*w = 100*w - 23655. What is the greatest common divisor of w and 12?
3
Let t(n) = -n**3 + 17*n**2 + 18*n + 5. Suppose 0 = 15*h - 23*h + 144. Let z be t(h). Calculate the greatest common divisor of z and 115.
5
Let a(r) = -506*r - 1378. Let b be a(-5). Calculate the highest common divisor of b and 13536.
288
Let c be 5/3*(-3528)/(-1176). Suppose -3*z + 2 + 43 = 0. Calculate the greatest common factor of z and c.
5
Suppose 3*q - 2*o + 16 = 0, q + 11*o - 8*o + 9 = 0. Let d be (4/q - 24/(-18))*42. Suppose -84 = -k - 2*k. Calculate the greatest common factor of k and d.
28
Suppose -b = 3*s - 164, s - 3*b + 8*b = 64. Let h = 100 - s. Let v be ((-342)/(-5))/9*(-1 + h). Calculate the highest common factor of v and 38.
38
Let h be 30/40 + 19/(-4). Let q be (-33)/(-1) + h 